4 - -7)?
-6
Calculate 3 + -5 + 3 + -1 + 3.
3
Calculate 3 + 1 - (7 + -5) - -3.
5
What is the value of -5 + 2 - (-5 - 1)?
3
Evaluate 4 + (-4 + 0 - (-6 - -8)).
-2
What is the value of -2 + 1 + -2 + -2?
-5
What is (-1 - 1) + 5 + -2 + -2?
-1
What is 0 - (15 - 13 - -8)?
-10
Calculate -6 - -1 - (-6 - -2 - 1).
0
What is 9 - (6 + 3) - (-5 + 1)?
4
Calculate 4 + -5 + (5 - 3) - 6.
-5
8 - (2 - 0) - 3
3
(-3 - 1) + 5 - -2
3
Evaluate 38 + -32 + 1 + -6.
1
What is (-2 + 9 + 0 - 3) + -9?
-5
Calculate (-3 - (2 - 6)) + -4 - -2.
-1
What is the value of (-8 - -7) + 9 + -4?
4
(6 - (2 + 1)) + 0 + -7
-4
Calculate 1 - -2 - (1 - (16 - 22)).
-4
What is the value of -7 + -1 + 56 + -53 + 5?
0
-1 + -1 + 0 + (7 - 4)
1
Calculate -1 + 9 + -5 + 1.
4
(-3 + 2 - -6) + (0 - 2)
3
Calculate (-1 - -3) + 0 + -2 - 8.
-8
What is 10 - (-11 + 16 + 1 + -2)?
6
What is -12 + -9 + 19 + -1?
-3
Calculate 2 + (-4 - -2) + 7 + -10.
-3
What is 8 + -10 - (-5 + 1)?
2
What is the value of 5 - 11 - (2 + -7)?
-1
What is -1 - ((12 - 8) + -2)?
-3
Calculate (-2 - 1) + (0 - -7).
4
What is -4 + (1 - (-1 + -3))?
1
Evaluate (12 - 12) + -4 - -9.
5
Calculate 12 - 5 - ((-9 - -9) + 2).
5
Calculate (-17 + 2 - -9) + 8.
2
Calculate 5 - ((-5 - -2) + 5) - 2.
1
Calculate 8 - (10 - (-3 + 6)).
1
Evaluate 7 - (3 + -1) - 10.
-5
Evaluate 1 - (5 - -1) - (-11 + 4).
2
What is the value of -9 + -3 + 21 + -11?
-2
What is 8 - (12 - (-2 + 6 + 2))?
2
Evaluate (-10 - (-9 - -7)) + (-2 - -3).
-7
Evaluate 3 - (3 - (4 + -1 + -7)).
-4
What is the value of -26 - -31 - (-2 + 5)?
2
What is the value of (1 - (-6 - (1 - 0))) + 0?
8
What is -3 - ((5 - 4) + (-1 - 6))?
3
What is (-2 - 3) + (-4 - -14) + -7?
-2
What is 6 + -1 + -10 + 0 + 2?
-3
What is -335 + 329 + 0 + 1 + 2?
-3
What is (-2 - (-6 - 0)) + -151 + 153?
6
Calculate 4 - (-5 + -6 + 12) - 11.
-8
What is -486 - -483 - (0 - 12 - -1)?
8
Calculate (2 - (10 + -4)) + 4.
0
What is the value of 1 + 0 + -3 + -57 + 58?
-1
Evaluate -2 + 2 + (-3 - (1 - -4)).
-8
-3 + (7 - (-1 + 5 - 0))
0
What is 1 + -1 - (-7 + 8 + 1)?
-2
(2 - 1) + (-43 - -42)
0
1 - (-2 - -6 - 2)
-1
Calculate -21 + 10 + (2 - -6).
-3
What is the value of (-1 - -1) + 3 + (-1 - -3)?
5
(0 - (0 + 4)) + 7
3
Evaluate -5 - 3 - (-6 - 1).
-1
Evaluate 4 + 2 - (4 + -3).
5
What is the value of (-7 + 1 - 6) + 1 + 2?
-9
Evaluate (-4 - -9) + -1 + 2 + -1.
5
Evaluate (4 + -4 - (0 + -3)) + -8.
-5
What is the value of 6 - 1 - (2 - (-3 - -2))?
2
Evaluate 10 + -15 + (0 - -5).
0
Calculate -1 + (8 - (24 + -9)).
-8
What is the value of 3 + -2 + 18 + -8?
11
0 + (-9 + 4 - -2)
-3
Evaluate (4 - 4 - 5) + 2.
-3
What is 0 - (-4 - (-2 - 2))?
0
Calculate (-2 - -3) + 2 - 0.
3
What is 1 + -2 + (-13 - (4 + -14))?
-4
What is the value of 7 + (4 + -6 - 5)?
0
-7 + 5 - (2 - 2)
-2
(-5 - (6 + -13)) + -8
-6
Calculate -6 + 3 + (-5 - (1 - 4)).
-5
Calculate 5 + 0 + 2 - 6.
1
What is 0 + 0 - (23 - (-16 + 33))?
-6
Evaluate 8 - (0 + 8 + (77 - 73)).
-4
What is -3 + (-5 - -21) - 4?
9
What is the value of 7 - (2 - (-4 + 3))?
4
What is the value of -6 - (-1 - 2) - -7?
4
Calculate -25 - -12 - (0 + -20).
7
Evaluate 8 + (12 + 0 + -8 - 20).
-8
What is 16 - 7 - (1 + -1 - -1)?
8
What is the value of 0 + -12 + -6 + 19 + -9?
-8
Evaluate -7 - (1 + (-2 - 5)).
-1
3 + (-4 - (-1 - 3))
3
What is 1 + 2 - (-2 + 5 - 5)?
5
What is -9 - (7 + -3 + -16)?
3
Calculate (-46 - -47) + (-7 - -1).
-5
What is -6 - (2 - -2 - 13) - -2?
5
Evaluate (1 - -4) + (12 - 15).
2
Calculate 3 + 12 + (-8 - 6).
1
What is the value of -6 + (10 - 5) - -1?
0
What is the value of 5 - 3 - (4 + (0 - 5))?
3
What is -8 + 3 + 2 - (-7 + 5)?
-1
What is the value of -2 + 2 + (10 - 11)?
-1
Calculate -9 + 11 + -5 - (-1 - -3).
-5
What is the value of -38 + 34 + 0 + 1?
-3
Evaluate 2 - (1 - (1 + 1 + -5)).
-2
Evaluate -5 + -6 + 9 - -12.
10
(0 - 1) + -4 + 3
-2
(1 + -2 + 0 - 3) + 1
-3
8 - (6 + -4 - -6)
0
What is 3 - 6 - (0 + -8)?
5
Evaluate 11 - (25 + -16) - (-1 + 3).
0
What is the value of (-2 - -3) + 3 + 30 + -32?
2
What is the value of 31 + -18 - (10 + -1)?
4
Calculate 2 + -2 + 0 + 0 + 3.
3
What is the value of -9 - (-5 + (-12 - -9))?
-1
-5 + 5 - 1 - (0 + -6)
5
Evaluate 3 + -9 + 7 + -7.
-6
What is the value of 4 + 0 - (52 + -53)?
5
2 + (-3 - 2) - 2
-5
What is 11 + -7 + 12 + -12?
4
What is 7 + 5 + -7 + -2?
3
Evaluate -2 + -1 + 2 + -1.
-2
Evaluate (-8 - (-1 + -1)) + (-74 - -85).
5
1 + (-21 - (-11 + 1))
-10
What is -8 - (-1 - 5 - (2 - 2))?
-2
(7 - (4 - 0)) + 1 - 3
1
What is 9 + (-3 - 2) - (2 - -10)?
-8
Evaluate -3 - -13 - 7 - 7.
-4
Evaluate (-4 + 8 - 8) + (4 - 3).
-3
0 - (1 + -2 + -4)
5
What is the value of 7 - (7 + -4) - 1?
3
Evaluate (13 - 12) + (3 - 2).
2
What is the value of 24 - 11 - 11 - 5?
-3
What is -3 - (-7 + (12 - 5))?
-3
-2 - (8 + -5) - -5
0
What is the value of (-5 - -3 - 3) + 5?
0
18 - 19 - (-4 - -2 - 0)
1
What is 2 + 4 + 2 + -4?
4
Evaluate -5 + 2 - 0 - -9.
6
Calculate -24 - (-7 - (22 + -15)).
-10
39 - 39 - (0 + (1 - 1))
0
-2 + 0 - (17 + -18) - -1
0
5 - (15 - 16 - (-1 + 1))
6
(4 - 2 - 1) + -6
-5
What is (-2 - (-1 + 0)) + 36 + -38?
-3
Evaluate 0 - -3 - (-2 - (5 - 5)).
5
What is the value of 0 + -4 + 6 - 2?
0
1 - -2 - ((4 - 14) + 7)
6
What is the value of 0 + (-3 - 1) - (-7 + 7)?
-4
Calculate -5 + 3 + 1 + 0.
-1
Calculate (-7 - (-14 - -3)) + 1.
5
Calculate (5 - 1 - (-2 - 0)) + -5.
1
What is 8 + 4 + -7 - (11 - 1)?
-5
-6 - (-13 - (-4 - 5))
-2
Calculate 6 - (2 + 4) - 5 - -6.
1
What is -1 + (4 + -2 - (6 + 1))?
-6
What is the value of (4 - (1 + 1)) + (-30 - -28)?
0
What is (7 - 12) + (2 - (2 + -2))?
-3
What is -17 - -17 - (-1 - -3)?
-2
What is the value of (0 - -4) + -1 + -3 + -1?
-1
What is the value of -20 + 28 + (-2 - 2)?
4
Calculate -1 - (5 + -15 + -1).
10
What is the value of -11 + (-6 - (-4 + -5))?
-8
Calculate -17 + 10 + 8 - (0 + 10).
-9
What is (1 - (2 - -2)) + (0 - -4)?
1
What is the value of 0 + -4 + 1 + (11 - 15)?
-7
Calculate 6 + -12 + (5 - 3).
-4
What is the value of 0 + 2 + -3 + (3 - -1)?
3
Calculate 3 + (2 + 0 - 4).
1
What is 10 + (-4 - -2) + -3?
5
What is 12 - 7 - (-2 + 7)?
0
(0 - 1) + 0 + 2 + -2
-1
What is the value of 4 + (-5 - -1) + -5?
-5
What is -7 - (1 + -1 + -2)?
-5
What is the value of (3 - (-2 + 1)) + (-1 - -4)?
7
What is the value of ((6 - -3) + -3 - 17) + 5?
-6
What is 0 + (0 - 0 - (5 - 8))?
3
What is -5 + 2 + (-2 - -3)?
-2
Evaluate 0 + 9 + -2 - (2 + -1).
6
What is the value of -8 + 3 + 3 + -8 + 5?
-5
4 + -13 + (1 - -4)
-4
What is the value of -2 - 6 - (-6 + 0 + 3)?
-5
What is -1 + -7 + 12 + -1 + -6?
-3
Evaluate -76 + 84 + -13 + 0.
-5
What is -2 - (-4 - 0) - (-10 + 12)?
0
Evaluate (-114 - -113) + (0 - -7).
6
Calculate -3 - (-1 + -2 + 2 - -3).
-5
Calculate -1 - -4 - 3 - 4.
-4
What is the value of -7 - (-9 - (5 + -5))?
2
Calculate 9 + -5 - (10 + -12).
6
What is -2 + 0 + 3 + -6 + 2?
-3
What is 3 - (3 + 4 - 3)?
-1
Calculate (-3 - 4) + (4 - 0).
-3
Evaluate 207 + -214 + (4 - -1).
-2
(-1 - 4) + 4 + -2 + -2
-5
Evaluate (0 - 7) + (3 - 1).
-5
What is -11 + 3 + (13 - 4)?
1
What is (-1 - (1 - 4)) + -5 + 0?
-3
What is the value of -1 + (-3 - -3 - -4 - -2)?
5
What is the value of 0 + (8 - -8) + -9?
7
-5 - (-6 + 3) - -5
3
Calculate -10 + 7 - -3 - 3.
-3
What is the value of -3 - (-2 + -2) - 4?
-3
What is the value of -10 + 1 - (4 - (6 + 2))?
-5
Calculate 51 + -55 + (-1 - 5).
-10
Evaluate -1 - 1 - (-9 + 4).
3
What is (1 - 6) + (0 - 0)?
-5
-6 + -1 + -7 + 3 + 5
-6
1 + (4 - (15 + -4))
-6
Evaluate -1 + 7 + 3 + -15 + 5.
-1
What is 3 + -13 - (-1 - 5)?
-4
Calculate 7 - (5 - (2 - -1)).
5
What is (-8 - -3) + 6 - (12 - 20)?
9
-5 - (-4 - (4 - 2) - -7)
-6
What is 5 + 2 + -3 + -11 + 2?
-5
Calculate 3 + (1 - -1) + 3 + -8.
0
What is -27 + 16 - -7 - (0 + -2)?
-2
Evaluate 4 + (-9 - (-2 + 7 - 7)).
-3
What is -3 - (-3 - (4 - 2))?
2
What is the value of -2 - (-1 + 3) - (9 - 7)?
-6
What is -5 + -1 + (0 - (-4 + 7))?
-9
What is the value of (-1 - -4 - 8) + -3 + 2?
-6
Calculate -1 + 5 + -1 + -3 + -2.
-2
0 + 9 + -4 - 0
5
Evaluate (2 - 1) + -32 + 28.
-3
Evaluate 14 + -21 + 4 + 0.
-3
Evaluate (-2 + -3 - (1 - 0)) + 4.
-2
Calculate 5 + (-2 + 3 - 6).
0
Evaluate -3 - (-4 + 2 - -1).
-2
Calculate 3 - (7 - (-5 + 5)).
-4
Calculate (-2 - (7 + -3)) + 1.
-5
What is the value of (5 - 4) + -11 + 11?
1
Calculate (0 + 0 - (-2 + 0)) + -3.
-1
Evaluate 5 + -1 - (2 + 5).
-3
Evaluate (12 - 16) + (-2 - (0 + -6)).
0
What is the value of 5 + (-13 + 6 - -12)?
10
0 - 1 - -3 - (-2 + 7)
-